= 11 + -16. Let g(m) = 83*m - 33*m - 3 - 24*m - 28*m. Calculate g(j).
7
Let w(o) = -o**3 - 9*o**2 - 8. Let h(f) = -f**3 - 5*f**2 - f - 7. Let b(y) = -4*h(y) + 3*w(y). Determine b(6).
-8
Let z(d) = -7*d**2 + 6*d**2 + 3*d + 188 - 188. Suppose -v + 0 = -3. Give z(v).
0
Let m be (-2 - 9/(-4)) + (-437)/(-92). Suppose 3*l + m*i = -12, -5*l - 4 = -4*l + 2*i. Let g(f) = -3*f**2 - 2 - 5*f - 2 - f**3 - 2*f**2. Calculate g(l).
0
Let v(r) = 49 - 22 - 2*r - 20 + r. Let i be (-1)/(-2)*12*(-4)/(-6). Give v(i).
3
Suppose 3*k = 0, -3*o - 5*k + 3 + 6 = 0. Let u be (4/o - 1)*54/6. Let d(v) = v**3 - 3*v**2 + 5*v - 2. Calculate d(u).
13
Let y(f) be the first derivative of -f**4/4 + 8*f**3/3 - 3*f**2 + 72. Let a = 13 + -6. What is y(a)?
7
Let j(s) be the second derivative of s**4/12 + s**2 - 2*s - 9. Determine j(4).
18
Let n be 4 + (-5)/10*4 + 3. Let o(t) = t**2 - 3*t - 10. Determine o(n).
0
Let b(d) = d + 51 + 5*d**2 + d**3 + 0*d - 50. What is b(-4)?
13
Let c(t) = -t**3 + t**2 + t - 16. Let z(r) = -r**3 + r**2 - 2*r. Let y be z(0). Give c(y).
-16
Let h(p) = p**2 + p - 1. Let u(z) = -2*z - 55. Let d be u(-28). Calculate h(d).
1
Let u(i) = 0 + 66*i**2 - i**3 + 2 - 63*i**2. Suppose -21 = -2*b + 3*h, -3*b + h + 4*h = -34. What is u(b)?
2
Let v(q) = -2*q**3 + 13657*q + 3*q**2 - 1 + 7*q**3 - 4*q**3 - 13656*q. Suppose 0 = s - 2*k, 3*s - s + k = -5. What is v(s)?
1
Let o(i) = i**2 - 2*i - 12. Let y(f) = -1 - 2 - 1 - f + 3. Let x(n) = -o(n) + y(n). What is x(0)?
11
Suppose 0 = l - 0*l + 3. Let t(h) be the third derivative of 1/3*h**3 - 6*h**2 + 0*h + 0*h**4 - 1/60*h**5 + 0. Give t(l).
-7
Let w(q) = -19*q + 11 - 100*q**3 + 300*q**3 + 19*q**2 - 100*q**3 - 99*q**3. Determine w(-20).
-9
Let g(b) = 3*b - 28. Let r be g(14). Let f(c) = 17*c**2 + 3*c + 2*c**3 - r*c**2 - 3*c**3 + 1 + c. Calculate f(4).
1
Let c(j) = j. Let o be 7/(1/6*3). Let z be 20/6*21/o. Let b be ((-10)/5)/((-2)/z). Calculate c(b).
5
Let h = 42 + -37. Suppose -6 = h*l - 1. Let a(p) = 3*p**2 - p. Calculate a(l).
4
Let f(d) = -d**2 + 4*d - 19. Let s(k) = k**2 + k + 1. Let n(w) = f(w) - 3*s(w). Let r(g) be the first derivative of n(g). What is r(-3)?
25
Let l(q) = q**2 - 14*q + 8. Let c(t) = 2*t**2 - 19*t + 8. Let m(n) = 2*c(n) - 3*l(n). Determine m(-6).
4
Suppose -2*h - 2 = -52. Let r be 240/h + (-2)/(-5). Let j(m) = -r*m + 6*m + 6*m. Give j(-1).
-2
Let h(g) = -2*g - 1. Let q(u) = 6*u + 12. Let s(w) = -8*h(w) - q(w). What is s(3)?
26
Suppose -2*b = -b - 6. Let h(k) = b + k + 0*k + k**2 + 6*k. Suppose 15 = -3*a - 3*s, 0*a - 4*s - 8 = 2*a. Give h(a).
0
Let o(b) = 209*b**3 - 210*b**3 + 5*b**2 + 0 + 3 - 5*b. Let q = -20 + 23. What is o(q)?
6
Suppose 4*h = z - 13 - 7, -5*h - 24 = -z. Let l(x) be the second derivative of -x**5/20 - x**4/3 - 5*x**2/2 - 2*x. Determine l(h).
-5
Suppose -5*l = -m - 2, -5*m - 5*l = -7 - 13. Let u(k) = -7*k + 1. Let x(o) = 10*o - 2. Let y(r) = 7*u(r) + 5*x(r). Determine y(m).
0
Let o(d) = -d - 4. Suppose -2*x - 35 = -63. Let w(z) = 2*z**2 + 3*z + 1. Let u be w(-3). Let q = x - u. What is o(q)?
-8
Let b(v) = 0*v**2 + v + 0*v**2 - 11 + 3 - v**3 + 7 + 3*v**2. Give b(3).
2
Let w(l) = -l**3 + 8*l**2 - 9*l - 8. Let y be (-1)/(((-2)/(-5))/(12/(-15))). Let d(s) = s**3 - 2*s**2 + 5*s - 3. Let b be d(y). Calculate w(b).
-22
Let k(b) = -b + 3. Let j(t) = -1. Let g(p) = 4*j(p) + k(p). Suppose 4*x - 4 = 4*s, 1 = 3*s - 2. Let l be (-1 - 0)/(x/6). What is g(l)?
2
Suppose -89 = -2*k - 71. Let s(d) = -d**2 + 8*d - 9. What is s(k)?
-18
Let c(f) = f + 2. Let j(a) = 2*a + 2. Let i be j(-2). Let p be i/10 + (-6)/(-5). Let u = -3 + p. What is c(u)?
0
Let m(z) be the first derivative of 2*z - 1/3*z**3 - 3 + 0*z**2. Calculate m(3).
-7
Let m(a) = -5*a**2 - 15 + 6 + 2*a**2 + 4*a**2 + 3*a. Calculate m(-7).
19
Let h(c) = -25 - 29 + 64 + c - 27. Give h(17).
0
Let f(v) = -3*v - 7. Suppose -23 = -2*q + 5. Let l(k) = 0 - q - 11*k + 3*k + 3*k. Let g(h) = 7*f(h) - 4*l(h). Determine g(5).
2
Let n(l) = -l**2 + 13*l + 16. Let b be n(14). Suppose i + 0*i - b = 0. Let r(q) = -q - i + 2 - q**2 - q. Give r(-4).
-8
Let n = 45 - 45. Suppose n = -2*s - 0*s. Let p(k) = -5*k**3 + 4*k**2 + 4*k - 14. Let t(w) = 4*w**3 - 3*w**2 - 3*w + 13. Let g(f) = -3*p(f) - 4*t(f). Give g(s).
-10
Let v(r) = -2*r + 35. Let x be ((-7)/49)/((-5)/595). What is v(x)?
1
Let y(k) be the first derivative of -k**3/3 - 5*k**2 - 8*k - 3. Suppose 5*l = -3*i + 50 - 88, i + 1 = 0. Determine y(l).
13
Let h(l) be the third derivative of -l**4/24 - 4*l**3/3 - 128*l**2 - 2. Determine h(-8).
0
Let l(w) = w**2 + 9*w - 7. Let d(b) = 2*b**2 + 18*b - 14. Let a(u) = 3*d(u) - 7*l(u). Calculate a(-8).
15
Let a(n) = -n**3 + 6*n**2 - 3*n - 9. Suppose m - 4 = 0, u + 0*m = -m + 9. What is a(u)?
1
Let v(o) = o + 11. Let m(f) = -18*f + 6. Let w(b) = -b. Let h(d) = 2*m(d) - 42*w(d). Let j be h(-3). Give v(j).
5
Let i(f) = 4*f + 12. Let p(t) = -t - 4. Let l(k) = i(k) + 3*p(k). Determine l(-12).
-12
Let x(d) be the first derivative of 1/4*d**4 + 5*d + 5*d**2 + 8/3*d**3 + 19. Determine x(-7).
-16
Let f = -134 - -140. Let t(j) = -15*j + j**3 + 9*j + 8*j - 8 - f*j**2. What is t(6)?
4
Let f(s) be the second derivative of -s**3/6 - 5*s**2/2 + 3*s. Let t be f(-1). Let y(a) = -a**2 - 4*a + 4. Give y(t).
4
Let b(r) be the third derivative of -r**5/60 - 3*r**4/8 + 11*r**3/6 - 189*r**2. Determine b(-9).
11
Let d = -204 + 88. Let u be d/14 - 2/(-7). Let h(o) = -o**3 - 9*o**2 - 15*o + 16. Let w(n) = -n + 1. Let j(b) = -h(b) + 8*w(b). Determine j(u).
0
Let a(r) = 2*r - 5. Let h be ((135/(-12))/(-3))/((-24)/32). Determine a(h).
-15
Let f = 50 + -45. Let n(o) = o**3 - 5*o**2 + 2*o - 3. What is n(f)?
7
Let u(p) be the third derivative of -p**5/60 + p**3 - 254*p**2. Determine u(0).
6
Let k be 0*((-4)/(-4) - 2). Let s(t) be the second derivative of 0 + 4*t - 1/6*t**3 + 3*t**2. Give s(k).
6
Let b be (-1)/(6/81) + (-2)/(-4). Let v be (-80)/b + 14/(-91). Let m(l) = -l**2 + 7*l - 5. Give m(v).
1
Let y(h) = h**3 - 6*h**2 - 7*h - 3. Let u be y(7). Let w(v) be the second derivative of 1/6*v**4 + 0 + 1/20*v**5 - 2/3*v**3 - 3/2*v**2 - 3*v. Calculate w(u).
0
Let d(i) = i**2 - 9*i + 7. Suppose r - 14*f = -19*f + 15, 2*f - 42 = -4*r. Determine d(r).
17
Let w(t) = -t**3 + 2*t + 348 + 0*t**2 - 352 - t**2. Let x = -10 - -7. Give w(x).
8
Let g(m) = 3 - 3 + 650*m - 648*m - 6 + 3. Calculate g(-1).
-5
Let r = -70 + 75. Suppose -2*t - 26 = 5*b - 6*t, -r*b = 5*t - 10. Let k(s) = -s**3 - 4*s**2 - 4*s - 3. Give k(b).
-3
Let u = 52 + -49. Let l be u*22/(-10) + 4/(-10). Let v(p) = p**2 + 9*p + 4. Calculate v(l).
-10
Let j(h) = h**3 - 4*h**2 + 5*h + 1. Suppose -2*o = 3*t - 14, -3*o + 7*t + 8 = 5*t. Calculate j(o).
21
Let d(j) be the third derivative of j**5/60 - j**4/12 - 5*j**3/6 + j**2. Let b = 698 + -694. What is d(b)?
3
Let u = -7 - -10. Let w = 4 - -7. Let t(x) = -w - 4*x**3 + u*x**3 + 4 - 5*x - 6*x**2. What is t(-5)?
-7
Suppose 0 = 3*a + 4*w - 58, 0*a - 3*w = -4*a + 69. Let v = -16 + a. Let t(n) = -2*n**2 + 2*n**2 - 3 + 2*n**2 + 3*n - n. What is t(v)?
9
Let t be 2/(-8)*(4 + -4). Let z(o) = -5*o**2 - o - 3 + 2*o**3 - 7*o**3 - o + t. Let k(p) = -6*p**3 - 6*p**2 - 3*p - 4. Let i(g) = 3*k(g) - 4*z(g). Give i(1).
3
Let x(u) be the second derivative of u**5/20 + 5*u**4/12 + 5*u**3/6 + 91*u. Determine x(-4).
-4
Let r(p) = p**3 - 8*p**2 + 9*p - 10. Suppose -123 + 179 = 4*o. Suppose 6*f - 4*f = o. What is r(f)?
4
Let i be -3*((-160)/24 - -5). Let t(u) be the third derivative of 1/3*u**3 + 0 + 1/20*u**i - 1/8*u**4 - 1/120*u**6 + 0*u - 2*u**2. Give t(3).
-7
Let a(n) = 0*n**3 - 755*n - 6*n**2 + 7 + 766*n - n**3. Give a(-7).
-21
Let s(i) = i**2 + i - 1. Let d(o) = 7 - 2*o**2 - o**2 - 5 + 3*o. Let b(f) = d(f) + 2*s(f). Suppose -5*p + 50 = 20. Give b(p).
-6
Let p(b) = -2*b + 7. Let q(c) = -c**2 - 20*c - 19. Let n be q(-15). Let g = -50 + n. Determine p(g).
-5
Let z(j) = -j**3 - 3*j**2 + 1. Suppose 3*v - 5*v - 8*v = 0. Let c be -2 - (-2 + (0 - -2)). Let u be c - v*(-2)/(-8). Determine z(u).
-3
Let u(v) be the third derivative of -v**6/720 - v**5/20 + 3*v**4/8 - 11*v**2. Let q(s) be the second derivative of u(s). Give q(0).
-6
Suppose 10 = -0*v + 5*v. Let a(h) be the second derivative of h**5/10 - h**4/6 + h**3/3 - h**2 + h - 284. Give a(v).
10
Let v be (-5)/2*-3*(-22)/(-55). Let f(u) be the second derivative of 0 + 1/2*u**2 - v*u + 1/3